{"id":7407,"date":"2024-03-21T23:14:54","date_gmt":"2024-03-21T23:14:54","guid":{"rendered":"https:\/\/www.mrplusfm.net\/?page_id=7407"},"modified":"2024-03-26T14:53:02","modified_gmt":"2024-03-26T14:53:02","slug":"dedication-to-frogs-texts","status":"publish","type":"page","link":"https:\/\/www.mrplusfm.net\/?page_id=7407","title":{"rendered":"Dedication to Frogs texts"},"content":{"rendered":"<div style=\"margin-left:10%; margin-right:10%; margin-top:5%;\">\n<p>\n<strong>Dedication to Frogs<\/strong><br \/>\n\u201e I make my urgent call for sympathy,<br \/>\n my personal attraction to frogs,<br \/>\n my d e d i c a t i o n  t o  f r o g s .\u201c\n<\/p>\n<p>\n<strong>I scream for you<\/strong><br \/>\nI scream for you<br \/>\nLittle cute death, cute little death<br \/>\nHugging your bones<br \/>\nDustashes in my mouth <\/p>\n<p>\nCute little taboo<br \/>\nI wanted you<br \/>\nHow can you look into my face<br \/>\nShame on you<br \/>\nYour cruelty.\n<\/p>\n<p>\n<strong>Looking up&#8230;<\/strong><br \/>\nLooking up<br \/>\nBetween the smell of rape<br \/>\nBetween the sound of buzzing<br \/>\nand honey.<br \/>\nLooking up to the obelisk<br \/>\nThe head of the first arrow sticks between my ribs<br \/>\nand still, the curve in the soil does something to me.<br \/>\nI raise the big pendulum towards the obelisk, pointing<br \/>\nSouth West, East west, North West, North East, North West, West. <\/p>\n<p style=\"margin-left:10%;\">\nDrops, Honey, Touch, Chestpain, Water,<br \/>\nDid you ever see a frog jumping into the water? <\/p>\n<p>\nI dont care about the ship<br \/>\nI don&#8217;t care about the other ship<br \/>\nI care about&#8230;&#8230;&#8230;&#8230;.\n<\/p>\n<p>\n<strong>My Home&#8230;<\/strong><\/p>\n<p>My home is my room<br \/>\n        My home is a room of blue dusk light<br \/>\n\tMy home is a flower in my room<br \/>\n\tMy room is a hospital room<br \/>\n\tMy home is Wolfsberg<br \/>\n\tMy home is Arnhem<br \/>\n\tMy home is Sandwirtgasse 2\/10<br \/>\n\tMy home is Ramperstorffergasse<br \/>\n\tMy home is Kalvariengasse 46<br \/>\n\tMy home is Hofm\u00fchlgasse<br \/>\n\tMy home is Utrechtseweg 86<br \/>\n\tMy home is Kerkstraat<br \/>\n\tMy home is Nijhoffstraat 42<br \/>\n\tMy home is Millefontes<br \/>\n\tMy home is verona<br \/>\n\tMy home is Mantova<br \/>\n\tMy home is Vossiusstraat<br \/>\n\tMy home is 13th Street Avenue B<br \/>\n\tMy home is Suffolk Street<br \/>\n\tMy home is Greenwich Village<br \/>\n\tMy home is the studio<br \/>\n\tMy home is my dream<br \/>\n\tMy home is my mirror<br \/>\n\tMy home is T\u00e9te \u00e5 t\u00e9te<br \/>\n\tMy home is Oskola<br \/>\n\tMy home is STYX<br \/>\n\tMy home is my 100% wool blanket<br \/>\n\tMy home is thousands of lit candles<br \/>\n\tMy home is the sunlight<br \/>\n\tMy home is the sea<br \/>\n\tMy home is gone<br \/>\n\tMy home is here<br \/>\n\tMy home is a big atelier there<br \/>\n\tMy home is my menstruation<br \/>\n\tMy home is a big sunflower field<br \/>\n\tMy home is not at home<br \/>\n\tMy home is &#8216;going&#8217; home<br \/>\n\tMy home is &#8216;leaving&#8217; home<br \/>\n\tMy home is a train<br \/>\n\tMy home is one minute<br \/>\n\tMy home is Purcell<br \/>\n\tMy home is 5 o&#8217;clock dawn time<br \/>\n\tMy home is a &#8216;going to&#8217;<br \/>\n\tMy home is &#8216;stop&#8217;<br \/>\n\tMy home is &#8216;non-stop&#8217;<br \/>\n\tMy home is &#8216;death&#8217;<br \/>\n\tMy home is breathing on the wall&#8230;.<\/p>\n<p>\n<strong>Louis&#8230;<\/strong><br \/>\nLouis XIV. Le Roi du Soleil<br \/>\nLibert\u00e9, \u00b4\u00c9galit\u00e9, Fraternit\u00e9.<br \/>\n&#8220;I am fighting for no Rules&#8221;<br \/>\n  Said the king to his daughter.\n<\/p>\n<p>\n<strong>Heinrich, der Wagen bricht&#8230;<\/strong> <\/p>\n<p>\n&#8220;, J\u00fcngste,<br \/>\nmach mir auf,<br \/>\nwei\u00dft du nicht, was Gestern<br \/>\ndu zu mir gesagt<br \/>\nbei dem k\u00fchlen Brunnenwasser?<br \/>\nK\u00f6nigstochter, J\u00fcngste,<br \/>\nmach mir auf,.&#8221; <\/p>\n<p>\n&#8220;Heinrich, der Wagen bricht.&#8221;<br \/>\n&#8220;Nein Herr, der Wagen nicht,<br \/>\nes ist das Band von meinem Herzen,<br \/>\ndas da lag in gro\u00dfen Schmerzen,<br \/>\nAls Ihr in dem Brunnen sa\u00dft,<br \/>\nals Ihr eine Fretsche wast.&#8221; <\/p>\n<p>\naus \u201eder Froschk\u00f6nig oder der Treue Heinrich\u201c, Gebr\u00fcder Grimm.\n<\/p>\n<p>\n<strong>Einmal im Mai,<\/strong><br \/>\nEinmal im Juni,<br \/>\nEinmal im August,<br \/>\nZweimal im Oktober.<br \/>\nIn Deutschland,<br \/>\nIn Italien,<br \/>\nIn New York City.<br \/>\nOnce it is him,<br \/>\nThe next time it is him,<br \/>\nThe day after it is another him.<br \/>\nAnd all of them dissappear secretly.<\/p>\n<p>\n&#8216;Mercy&#8217;<br \/>\nSays the dawn, and hugs me gently (so) that I get tired again<br \/>\nFor the next day. What can I say?<\/p>\n<p>\n&#8220;Thank you&#8221;<br \/>\nFor not listening <\/p>\n<p>\n&#8220;Thank you&#8221;<br \/>\nFor the chance to smell.<br \/>\nTo say thank you that you asked me to marry you !<\/p>\n<p>\nDid you ever see a frog jumping into the water&#8230;.\n<\/p>\n<p>\n<strong>The sea&#8230; the sea&#8230;.. the big sea&#8230;&#8230;&#8230;&#8230;&#8230;&#8230;&#8230;&#8230;&#8230;&#8230;<\/strong><\/p>\n<p>\nDiana poses above the sea in order to hunt!<br \/>\nHold on, and you will lose it! <\/p>\n<p>\n<strong>&#8230;I would not mind if the whole world got drowned by the sea&#8230;.!<\/strong><\/p>\n<p>\nEve had no temptation and Adam ate his own rib&#8230;..<br \/>\nPenis and vagina had grown amongst the seaflocks,<br \/>\nthen, the mermaid sang the hymn of the hidden cave,<br \/>\nsomewhere by the coast&#8230;.<br \/>\nsomewhere by the coast&#8230;<br \/>\neast<br \/>\nwest<br \/>\nsouth<br \/>\nnorth<br \/>\nFrom out of the ocean rose the highest mountain,<br \/>\nand it possessed the ocean&#8230;..but not forever&#8211;\n<\/p>\n<p>\n<strong>Apple.<\/strong><br \/>\nTwo apples in a bowl.<br \/>\nRed delicious.<br \/>\nHard.<br \/>\nDelicious.<br \/>\nOn top three bananas.<br \/>\nThree oranges.<br \/>\nPineapples.<br \/>\nIn between four tomatoes<\/p>\n<p style=\"margin-left:10%;\">\n\t\t<span style=\"margin-left:8%;\">One banana. one orange. one tomato.<\/span><br \/>\n\t\t\t<span style=\"margin-left:4%;\">all in one bowl.<\/span><br \/>\n\t\t\t<span style=\"margin-left:10%; color:blue;\">IMAGINE <\/span><br \/>\n\t\t\t<span style=\"margin-left:5%;\">\tone <\/span><br \/>\n\t\t\t\t\t<span style=\"margin-left:7%;\">peeled <\/span><br \/>\n\t\t\t\t\t\t<span style=\"margin-left:10%;\">banana<\/span> <\/p>\n<p style=\"margin-left:18%;\">\n\t\t\t\t\tamong them.<\/p>\n<p>\n<strong>&#8230;.I would not mind<br \/>\nif the whole world got drowned by the sea.<\/strong><br \/>\n&#8230;.as long as Diane&#8217;s arm releases<br \/>\narrows from the bow, <\/p>\n<p>\nheads&#8230;&#8230;&#8230;.<br \/>\nfalling down the obelisk,<br \/>\nhitting&#8230;&#8230;.rape yellow<br \/>\n&#8230;&#8230;.fertile green<br \/>\n&#8230;&#8230;&#8230;&#8230;&#8230;.honey violet&#8230;..<\/p>\n<p style=\"margin-left:10%;\">\n<span style=\"margin-left:12%;\">&#8230;&#8230;&#8230;.whilst the frogs<\/span><br \/>\n<span style=\"margin-left:20%;\">are<\/span><br \/>\n<span style=\"margin-left:23%;\">singing&#8230;&#8230;&#8230;..<\/span>\n<\/p>\n<\/div>\n","protected":false},"excerpt":{"rendered":"<p>Dedication to Frogs \u201e I make my urgent call for sympathy, my personal attraction to frogs, my d e d i c a t i o n t o f r o g s .\u201c I scream for you I scream for you Little cute death, cute little death Hugging your bones Dustashes in my [&hellip;]<\/p>\n","protected":false},"author":1,"featured_media":0,"parent":0,"menu_order":0,"comment_status":"closed","ping_status":"closed","template":"","meta":{"ngg_post_thumbnail":0,"footnotes":""},"class_list":["post-7407","page","type-page","status-publish","hentry","entry"],"_links":{"self":[{"href":"https:\/\/www.mrplusfm.net\/index.php?rest_route=\/wp\/v2\/pages\/7407","targetHints":{"allow":["GET"]}}],"collection":[{"href":"https:\/\/www.mrplusfm.net\/index.php?rest_route=\/wp\/v2\/pages"}],"about":[{"href":"https:\/\/www.mrplusfm.net\/index.php?rest_route=\/wp\/v2\/types\/page"}],"author":[{"embeddable":true,"href":"https:\/\/www.mrplusfm.net\/index.php?rest_route=\/wp\/v2\/users\/1"}],"replies":[{"embeddable":true,"href":"https:\/\/www.mrplusfm.net\/index.php?rest_route=%2Fwp%2Fv2%2Fcomments&post=7407"}],"version-history":[{"count":0,"href":"https:\/\/www.mrplusfm.net\/index.php?rest_route=\/wp\/v2\/pages\/7407\/revisions"}],"wp:attachment":[{"href":"https:\/\/www.mrplusfm.net\/index.php?rest_route=%2Fwp%2Fv2%2Fmedia&parent=7407"}],"curies":[{"name":"wp","href":"https:\/\/api.w.org\/{rel}","templated":true}]}}